ts digit of q?
6
Let d(h) = -5*h + 497. Let n be d(0). Suppose -n = -8*g + g. What is the units digit of g?
1
Suppose -5*u - 41 = 2*l, 0 = -l - 2*l - 4*u - 44. Suppose 3*q + 2*q = 120. What is the tens digit of (-158)/l - (-6)/q?
2
Let o(v) = -7*v**3 - 6*v**2 - 2*v - 14. What is the thousands digit of o(-6)?
1
Suppose -3*s = c - 180, -3*s = 4*c - 784 + 55. What is the hundreds digit of c?
1
Let j be (2 + -6)*202/(-16)*4. Suppose 13*d + j = 3777. What is the units digit of d?
5
Suppose y - 5849 + 2071 = 0. What is the tens digit of y?
7
Suppose 3*h + 3936 = 15*h. What is the tens digit of h?
2
Suppose -7*v + 6*v + 16 = 0. Suppose 4 = -4*l + v. Let o = 10 - l. What is the units digit of o?
7
Let a(k) = -2*k. Let p be a(-6). Suppose -7*j = -3*j + p. What is the tens digit of (j - -18) + (-1)/1?
1
Let b(z) = 84*z**2 - z - 2. Let y be b(-1). What is the units digit of (y - (-2 + 6)) + 4?
3
Suppose 0 + 14 = 2*a. Let z(x) = -x**3 + 9*x**2 + 7*x + 16. What is the tens digit of z(a)?
6
Let l(a) = 31*a**2 - 9*a + 2. What is the tens digit of l(5)?
3
Let a = -247 + 14. Let d = a + 337. What is the tens digit of d?
0
Let d(g) = 2. Let a(x) = 5*x + 6. Let j(s) = 11*s + 12. Let o(r) = -9*a(r) + 4*j(r). Let l(u) = 6*d(u) + 2*o(u). What is the tens digit of l(-5)?
1
Let j(t) = -4*t - 16. Let f be j(-15). Suppose 2*v - 52 - f = 0. What is the units digit of v?
8
Let p(v) = 5*v + 21. Suppose 0 = 2*m + 1 - 11. Let t be p(m). Suppose -5*g + 6*g = t. What is the tens digit of g?
4
Suppose n - 30 = -4*f, -4*f + 3*f = 4*n. Let r(x) = x**2 + 0*x - 18 + x + 1. What is the tens digit of r(f)?
5
Let y = 828 - 155. What is the units digit of y?
3
Let q(k) = 131*k - 595. What is the tens digit of q(21)?
5
Let p be (-6)/((-4)/2) - -1. Suppose j + 11 = 3*x, j - 19 = x - p*x. Suppose 3*g + a = 88, a - 144 = -j*g + 5*a. What is the units digit of g?
1
Suppose -27*k + 37*k = 18060. What is the units digit of k?
6
Let k = 35 + -49. Let c = 15 - k. What is the tens digit of c?
2
Suppose 5*l - 716 = 84. Suppose -2*v + l = 32. What is the units digit of v?
4
Let d(x) = x**3 + 25*x**2 + 12*x - 22. Let n be d(-21). Suppose -3*t - n = -8*t. What is the units digit of t?
8
Suppose 4*m + 4 + 4 = -4*b, m - 5*b = 10. Suppose 0 = 3*f + 4*k - 5*k - 142, f - 4*k - 40 = m. What is the units digit of f?
8
Suppose 0*x = -5*c - 2*x + 6, 0 = -3*c + 2*x + 10. Let q(k) = 20*k**3 + 2*k**2 + 1. What is the tens digit of q(c)?
6
Suppose -34*j = -39*j + 2600. What is the hundreds digit of j?
5
Let u(p) = -p**3 + p**2. Let h be u(0). Suppose h = 2*a + 2*a - 492. What is the units digit of a?
3
Suppose -64 = 2*v - 352. Suppose 3*k - v = -0*f + f, -5*k + 242 = -f. What is the units digit of k?
9
Let j(v) = 2*v + 8. Let d = 20 - 10. Let a = d + -3. What is the tens digit of j(a)?
2
Let m = -90 + 45. Let v be -3*26 - (0 - 1). Let a = m - v. What is the tens digit of a?
3
Let d be (6/(-4))/((-1)/2). Suppose o - l - 4*l = 62, -d*o + 173 = -2*l. What is the tens digit of o?
5
Let j(b) = b**2 + 2*b - 5. Let h be j(-4). Let d = 174 + -81. Suppose -d - 15 = -h*k. What is the tens digit of k?
3
Let z(o) = 20*o**2 - 2*o - 21*o**2 + o - 1. Let q(m) = 39*m**2 + 5*m + 6. Let u(i) = q(i) + 6*z(i). What is the units digit of u(1)?
2
Let b = 17 - 28. Let r be 12/66 - (-57)/b. What is the tens digit of -19*(3 + 1 + r)?
1
What is the tens digit of (-1)/(-3) + -4 + 22884/36?
3
Let y be (6 + -4)/((-2)/(-47)). Suppose 133 - 37 = -4*s. Let u = y + s. What is the tens digit of u?
2
Let n(p) = 3*p**3 + 20*p**2 - 61*p - 18. What is the tens digit of n(11)?
2
Suppose -5*y + 20 = 0, -z + 0*y + 261 = -y. What is the tens digit of z?
6
Suppose 39262 = 57*b - 239. What is the units digit of b?
3
Suppose 13*i = 8*i + 640. Suppose 3*v - 2*f - 211 = 0, -i = -4*v + 3*f + 153. What is the units digit of v?
1
Suppose 3*s - 5*s = -30. Suppose -s = -4*q + 5. Suppose -4*g = -c - 116, 3*g + 4*c - 88 = q*c. What is the tens digit of g?
2
Let w(d) = d**3 + 5*d**2 + 2*d - 5. Let o be w(-4). Let a = -15 - -41. Suppose -a = o*i - 89. What is the tens digit of i?
2
Let o = 193 + 71. Let s = o + -12. What is the hundreds digit of s?
2
Suppose -2*p = 2*w - 1494, -p = -2*p + 2*w + 753. What is the tens digit of p?
4
Let x(w) = 4 + 2*w + w - 1692*w**2 + 1691*w**2. Let u be 4 + (0 + -3)/3. What is the units digit of x(u)?
4
Suppose -14*x + 1137 + 2083 = 0. What is the tens digit of x?
3
Suppose -289 = -14*s + 2791. What is the tens digit of s?
2
Let g = -68 - -77. What is the units digit of -1*2 + 81/g - 3?
4
Let t be (-3)/((-30)/(-4)) + (-38)/(-95). Suppose t = 14*i + 3*i - 1547. What is the units digit of i?
1
Let v be 8*10*(-2)/(-16). Let y = v - 7. Suppose y*o + 60 = 8*o. What is the tens digit of o?
1
Suppose a - 3 = n, 4*a - n - 2*n = 11. Suppose 0 = -a*m - m - 9, m - 33 = b. What is the units digit of b/(-14) - (-9)/21?
3
Suppose -2*f = 2*f - 36. Suppose -2*w + f = 1. Suppose -w*p - p + 80 = 0. What is the units digit of p?
6
What is the hundreds digit of 6/(-9)*-3 + 288 - -4?
2
Suppose -3*n - 5*v = -4*n + 11, -48 = 4*n + 3*v. Let q be -38*1/(-4)*2. Let m = q + n. What is the units digit of m?
0
Let o = 21 + 77. What is the units digit of o?
8
Suppose 5*v - 20 - 5 = 0. Suppose 5*a = -v*h + 140, -23 = -a + h - 3*h. Suppose -4*i + a + 55 = 0. What is the units digit of i?
2
Suppose t - o - 775 = -4*t, 2*o + 310 = 2*t. Suppose -t = -5*l + 5*b, 43 + 47 = 2*l + 5*b. What is the units digit of l?
5
Suppose -15 = -4*b - 199. Let w = b + 102. What is the tens digit of w?
5
Let v = -32 - -41. Suppose -v*n - 375 = -14*n. What is the units digit of n?
5
What is the tens digit of ((-96)/(-20) + -4)*(3008 - 3)?
0
Let v be ((-16)/(-24))/(4/30). Suppose v*n = 2*j + 25, -5*j - 50 = -n + 24. What is the units digit of j/(-4) + (-6)/8?
3
Suppose 7518 = -77*c + 83*c. What is the thousands digit of c?
1
Suppose 0 = 4*o + i - 20, -2*i + 2 = 4*o - 18. Suppose 0 = -o*z + 6 - 96. Let v = -7 - z. What is the units digit of v?
1
Let w be (-3)/21 + 145/35. Suppose -3*v + 5*p + 233 = 0, -2*p + 122 + 154 = w*v. What is the units digit of v?
1
Suppose -3*i + 318 = -54. What is the tens digit of i?
2
Let z(p) = -2*p + 13. Let j be z(6). Let i be j - (24/4 + -2). Let k(a) = -5*a + 4. What is the units digit of k(i)?
9
Suppose -46 = p - 129. Let z = p - -28. What is the hundreds digit of z?
1
Suppose -597 = -6*u + 4185. What is the tens digit of u?
9
Suppose 13*w - 8610 = 8*w + n, -8610 = -5*w - 5*n. What is the tens digit of w?
2
Let l(r) be the third derivative of r**6/120 - r**5/12 - 7*r**4/24 - 5*r**3/3 - 12*r**2. What is the tens digit of l(7)?
3
What is the tens digit of 132/(-242)*1111*-1?
0
Suppose 0 = 4*q + 8 - 24. Suppose 2*f = q*k - 508, k + 5*f - 36 = 69. What is the units digit of k?
5
Suppose 5*m = -3*k + 23, 7 + 33 = 4*m - 3*k. Let i(a) = -16*a + 6. Let j be i(-8). Suppose -m*b + j = -125. What is the tens digit of b?
3
Let j(x) = 29*x + 825. What is the tens digit of j(9)?
8
Let y be (2/4)/((-2)/16). Let l = y - -7. Suppose l*m = -z + 32, 2*z - 9 = -m - 0. What is the units digit of m?
1
Suppose v = x, 3 + 3 = 5*x + v. Let f = 9 + x. Suppose -3*y = -4*i - f, y + 6 = 3*y - 3*i. What is the units digit of y?
6
Let q = 31 - -6. Let k = -16 + -4. Let b = k + q. What is the units digit of b?
7
Let l(o) = o**3 + 9*o**2 - 2*o + 2. Suppose -c + 5*c - 8 = 0. Let d be (5 + -14)/(c - 1). What is the units digit of l(d)?
0
Let k be ((-2)/(-9))/((-3)/(-27)). Suppose 3*z - 158 = -0*z - k*m, -2*z - 3*m + 102 = 0. What is the units digit of ((-2)/6)/((-1)/z)?
8
Suppose 5*l = 5, -5*l = 5*u - 22 - 33. Suppose -9*p = -10*p + u. What is the tens digit of p/2*65/13?
2
Let s(v) = -v**3 + 3*v**2 + 7*v - 9. Let k be s(3). Suppose -242 = 11*c - k*c. What is the units digit of c?
2
Suppose 5*y + 319 - 1339 = 0. Suppose -3*s = 4*x - y, 5*x + 4*s - 155 = 100. What is the tens digit of x?
5
Let y(k) = -109*k - 178. What is the thousands digit of y(-18)?
1
Let t = 266 - -88. What is the hundreds digit of t?
3
Suppose 0*r + r + 12 = 0. Let l = 16 + r. Suppose 38 = l*i - 6. What is the tens digit of i?
1
Let t(w) be the first derivative of w**4/4 - 2*w**3/3 + 3*w**2 - w + 3. What is the units digit of t(5)?
4
Let j = 41 - 11. Let y = j + -13. Let s = 24 - y. What is the units digit of s?
7
